{"id":49,"date":"2022-07-28T16:41:19","date_gmt":"2022-07-28T16:41:19","guid":{"rendered":"https:\/\/lolholm.dk\/?page_id=49"},"modified":"2022-11-16T18:48:08","modified_gmt":"2022-11-16T18:48:08","slug":"navn","status":"publish","type":"page","link":"https:\/\/lolholm.dk\/?page_id=49","title":{"rendered":"Navnet Lolholm"},"content":{"rendered":"\n<p> Teksten er en direkte afskrift efter et skriv tilbage fra 70&#8217;erne.<\/p>\n\n\n\n<h2 class=\"wp-block-heading\">K\u00f8bte Lolholm for en str\u00f8mpefuld penge<\/h2>\n\n\n\n<p>Herremanden paa KRASTRUP faldb\u00f8d f\u00e6stegaarden for morskabs skyld, men g\u00e6ster tvang ham til at staa ved sit ord.<\/p>\n\n\n\n<p>LOLHOLMGAARD i Oudrup Sogn, der har v\u00e6ret sl\u00e6gtsgaard siden 1664, er som meddelt g\u00e5et ud af sl\u00e6gtens eje, idet gaardejer, fra Maja Mikkelsen, i disse dage har overdraget den gamle gaard til en landmand fra Risgaarde. Den sidste ejer har ingen b\u00f8rn, og ingen af hendes s\u00f8skendeb\u00f8rn har \u00f8nsket at overtage sl\u00e6gtsgaarden.<br>I de sidste sl\u00e6gtsled er det kvinder, der har overtaget LOLHOLM og \u201dhentet m\u00e6nd\u201d til gaarden. \u2013 Den sidste mandlige ejer, Anthon Nielsen, der fik sk\u00f8de paa LOLHOLM i 1904, og som d\u00f8de i 1948, efterlod sid to d\u00f8tre, Nielsine Marie og Maja, og Maja Nielsen (nu Mikkelsen) overtog sl\u00e6gtsgaarden i 1948.<\/p>\n\n\n\n<h3 class=\"wp-block-heading\">F\u00f8rste navn LUL HOLM<\/h3>\n\n\n\n<p>Gaarden hed oprindeligt LUL HOLM, og den kaldtes saadan indtil 1678. Omkring 1800 \u00e6ndredes navnet til LOLHOLM.<br>Gaarden laa oprindelig 100 meter nordvest for de nuv\u00e6rende bygninger p\u00e5 en lille holm i k\u00e6ret t\u00e6t ved aaen. Sten og andre rester fra de oprindelige bygninger er blevet pl\u00f8jet op \u2013 saa sent som i dette aarhundrede. \u2013 Pastor Arne Jensen , der er s\u00f8n af Jens Peter Jensen, Lolholm hvis far fik sk\u00f8de p\u00e5 sl\u00e6gtsgaarden i 1842, har studeret gaardens og sl\u00e6gtens historie og forg\u00e6ves s\u00f8gt at efterspore betydning of ordet LUL. Det findes ikke i sproget, skriver han. \u2013 Det er muligvis afledt af navnet p\u00e5 en mandsperson, der oprindelig har ejet gaarden.<\/p>\n\n\n\n<h3 class=\"wp-block-heading\">Beboerne fik gaardens navn<\/h3>\n\n\n\n<p>Gaarden beboere har tit faaet gaardens navn som tilnavn, og i gamle kirkeb\u00f8ger fra Nordvesthimmerlandske sogne st\u00f8der man atter og atter p\u00e5 menneske med Lulholm eller Lolholm som tilnavn eller efternavn.<br>LOLHOLM var en f\u00e6stegaard under herregaarden KRASTRUP indtil omkring 1795, og f\u00e6steren, S\u00f8ren Jensen k\u00f8bte gaarden til selveje. Det har ikke v\u00e6ret muligt n\u00f8jagtigt at stedf\u00e6ste aarstallet for overtagelsen, idet sk\u00f8der ikke den gang blev tingl\u00e6st, naar betalingen sket kontant. Det fort\u00e6lles, at f\u00e6stebonden, S\u00f8ren Jensen, gik til KRASTRUP en dag, da herremanden havde g\u00e6ster, Ridefogden kom ind til selskabet og anmeldte, at f\u00e6steren var kommet for at k\u00f8be LOLHOLM. Herremanden svarede, at f\u00e6steren kunne komme ind. Han ville s\u00f8ge at lave l\u00f8jer med ham til selskabets underholdning. F\u00e6steren traadte ind og fremf\u00f8rte sit \u00e6rinde, og herremanden faldb\u00f8d gaarden, sk\u00f8nt han ingenlunde agtede at s\u00e6lge den, Han f\u00f8lte sig imidlertid forvisset om, at f\u00e6stebonden ikke kunne klare forpligtelserne ved handelen. Bonden slog imidlertid straks til. Herremanden spurgte da sejssikker, hvor bonden havde kautionen.<br>&#8211; \u201dDen er her\u201d svarende bonden, idet han tog en pengefyldt str\u00f8mpe op af sin frakke og lagde den foran herremanden og det overraskede selskab.<br>Herremanden til KRASTRUP ville nu tage sit ord tilbage, men g\u00e6sterne lagde imellem og tog bondens parti. Og herremanden maatte lade ham overtage LOLHOLM.<\/p>\n\n\n\n<h3 class=\"wp-block-heading\">Megen jord solgt fra<\/h3>\n\n\n\n<p>Der er gennem aarene solgt megen jord fra LOLHOLM. Oprindelig havde den dobbelt saa meget hartkorn som i dag. Der er saaledes solgt en del k\u00e6rjord (Birkek\u00e6ret) fra til Braarupholm, hvor i sin tid \u201dLolholmhus\u201d laa. \u201dFiskvadhus\u201d er ligeledes bygget paa jord, som har h\u00f8rt til LOLHOLM. Det samme er tilf\u00e6ldet med jorden til den gaard, der ligger nord for LOLHOLM og med jorden til en anden ejendom paa heden.<br>En vandm\u00f8lle h\u00f8rte i gammel tid til LOLHOLM. Rester af den kan ses ved aaen ud for holmen. Det vides ikke, hvornaar den nuv\u00e6rende LOLHOLMGAARD er opf\u00f8rt, men flytningen er antagelig sket i 1700-tallet. K\u00e6rstr\u00e6kningerne vest for gaarden har f\u00f8r i tiden v\u00e6ret oversv\u00f8mmede, og mellem Fiskvadhus og LOLHOLM var da et vadested, som opretholdtes indtil for 50-60 aar siden.<br>F\u00e6sterne paa LOLHOLM udf\u00f8rte hovarbejde baade p\u00e5 KRASTRUP og \u201dGunderstedgaard\u201d, da disse gaarde havde samme ejer.<\/p>\n\n\n\n<h3 class=\"wp-block-heading\">Beboerne p\u00e5 LOLHOLM<\/h3>\n\n\n\n<p>Pastor Arne Jensen har udarbejdetet et sl\u00e6gtsregister, som har f\u00f8rt tilbage til 1664. Sl\u00e6gten har sandsynligvis v\u00e6ret p\u00e5 gaarden endnu l\u00e6ngere tid, men da kirkeb\u00f8gerne i Oudrup sogn kun er f\u00f8rt fra 1678, kan man ikke med sikkerhed gaa l\u00e6ngere tilbage. Jordbogen anf\u00f8rer kun ejernavn, men ikke sl\u00e6gtsforhold.<\/p>\n","protected":false},"excerpt":{"rendered":"<p>Teksten er en direkte afskrift efter et skriv tilbage fra 70&#8217;erne. K\u00f8bte Lolholm for en str\u00f8mpefuld penge Herremanden paa KRASTRUP faldb\u00f8d f\u00e6stegaarden for morskabs skyld, men g\u00e6ster tvang ham til at staa ved sit ord. LOLHOLMGAARD i Oudrup Sogn, der har v\u00e6ret sl\u00e6gtsgaard siden 1664, er som meddelt g\u00e5et ud af sl\u00e6gtens eje, idet gaardejer,&hellip; <a class=\"more-link\" href=\"https:\/\/lolholm.dk\/?page_id=49\">L\u00e6s mere <span class=\"screen-reader-text\">Navnet Lolholm<\/span><\/a><\/p>\n","protected":false},"author":1,"featured_media":0,"parent":10,"menu_order":0,"comment_status":"closed","ping_status":"closed","template":"","meta":{"footnotes":""},"class_list":["post-49","page","type-page","status-publish","hentry","entry"],"_links":{"self":[{"href":"https:\/\/lolholm.dk\/index.php?rest_route=\/wp\/v2\/pages\/49","targetHints":{"allow":["GET"]}}],"collection":[{"href":"https:\/\/lolholm.dk\/index.php?rest_route=\/wp\/v2\/pages"}],"about":[{"href":"https:\/\/lolholm.dk\/index.php?rest_route=\/wp\/v2\/types\/page"}],"author":[{"embeddable":true,"href":"https:\/\/lolholm.dk\/index.php?rest_route=\/wp\/v2\/users\/1"}],"replies":[{"embeddable":true,"href":"https:\/\/lolholm.dk\/index.php?rest_route=%2Fwp%2Fv2%2Fcomments&post=49"}],"version-history":[{"count":3,"href":"https:\/\/lolholm.dk\/index.php?rest_route=\/wp\/v2\/pages\/49\/revisions"}],"predecessor-version":[{"id":95,"href":"https:\/\/lolholm.dk\/index.php?rest_route=\/wp\/v2\/pages\/49\/revisions\/95"}],"up":[{"embeddable":true,"href":"https:\/\/lolholm.dk\/index.php?rest_route=\/wp\/v2\/pages\/10"}],"wp:attachment":[{"href":"https:\/\/lolholm.dk\/index.php?rest_route=%2Fwp%2Fv2%2Fmedia&parent=49"}],"curies":[{"name":"wp","href":"https:\/\/api.w.org\/{rel}","templated":true}]}}